ative of -m**4/4 + 5*m**3/3 - m**2 - 4*m - 2. Give h(r).
8
Let p = 48 + -59. Let i(v) = 7*v**2 + v - 6. Let x(h) = -19*h**2 - h + 17. Let a(j) = p*i(j) - 4*x(j). Give a(-6).
4
Let u(i) = -26 + 123*i**2 - 19*i - 60*i**2 - 53*i**2. Let f(s) = -7*s**2 + 13*s + 19. Let w(m) = -7*f(m) - 5*u(m). Calculate w(2).
1
Let u(w) = -266*w - 222*w + 749*w - 260*w + 3. Let g be (-3)/(-12) - (-2)/(-8). Let n(x) = -x**2 + x + 5. Let i be n(g). What is u(i)?
8
Let m(g) = -14*g**3 + 8*g**2 - 29*g - 10. Let l(n) = 17*n**3 - 9*n**2 + 35*n + 11. Let z(p) = 5*l(p) + 6*m(p). Determine z(-4).
-25
Let c(z) be the second derivative of z**3 - 1/12*z**4 - 3*z**2 + 0 - 176*z. Calculate c(9).
-33
Let v(b) = 31*b + 19404 - 9707 - 9683. Give v(1).
45
Let i be (5/(-25))/(1/(-10)). Let s be (-7 - -6)/(1/i). Let c(a) = -4*a**2 - a + 1. Let y(p) = p**2. Let k(m) = s*y(m) - c(m). Give k(-3).
14
Let u(s) = -s**3 + 20*s**2 + 21*s - 5. Let t be u(21). Let c(m) be the third derivative of 0 + 0*m - 9*m**2 - m**3 - 1/8*m**4. Determine c(t).
9
Let x(g) = -g**3 - 5*g**2 - 7*g + 1. Let y be x(-4). Let n(d) = 10*d - 7*d + 23 - y. What is n(-4)?
-2
Let m(s) be the second derivative of -7/2*s**2 + 0 + 2/3*s**3 - 168*s + 1/12*s**4. Suppose 3*l = 4*r - 34, 0*r + r = -5*l - 26. What is m(l)?
5
Let j(l) = 4*l - l - 2 + 3 - 5*l. Let z(f) = f**3 + 23*f**2 - 4*f - 56. Let x be z(-23). Suppose -4*y + 28 = x. What is j(y)?
5
Let h = 2531 + -2533. Let g(a) = -a**3 - 5*a - 7. Calculate g(h).
11
Let k(x) be the second derivative of -x**5/10 - x**4/4 - x**3 - 2*x**2 + 6*x - 6. What is k(-4)?
100
Let b(l) = l - 1. Let w(g) = 4*g + 4 + 4*g + 7*g**2 + 2*g**2 + 7*g. Let d(y) = 5*y**2 + 8*y + 2. Let v(c) = -7*d(c) + 4*w(c). Let h be v(-4). What is b(h)?
1
Let w(a) = a**3 + 5*a**2 - 20*a - 99. Let h be w(-5). Let i(b) = 2*b**3 - b**2 - b + 1. What is i(h)?
1
Let l(u) = 2*u**2 + 2*u - 4. Let n(q) = 1 + 15 - 5*q - 6*q**2 - 5. Let j be (-7 + 10)*(0/2 + -2). Let k(o) = j*n(o) - 17*l(o). Give k(2).
2
Let k(r) = 6*r**3 + 76*r**2 + r - 5. Let w(v) = -v**3 - 12*v**2 + 1. Let d(t) = 4*k(t) + 25*w(t). What is d(4)?
21
Let k = 551 - 547. Let w(j) be the third derivative of 0 + 3*j**2 - 5/6*j**3 + 1/24*j**4 + 0*j. What is w(k)?
-1
Let q(z) = 3*z**2 - 6*z - 31. Let g(n) = -1169*n + 9360. Let m be g(8). Give q(m).
113
Suppose 11*f - 3*f - 16 = 0. Let q(b) = b**2 - 4*b + 6. Let y be q(f). Let j(x) = -6*x + x**y + 3 + 4*x - 1 - 3*x. What is j(6)?
8
Let y be ((-5 - 3) + 3 + -4)/(-5 - -6). Let r(p) = -7*p**2 - 60*p + 36. Give r(y).
9
Let n = -172568 - -172567. Let b(k) = k**2 - 2*k - 1. Let r(c) = c**2 + c + 1. Let t(z) = -b(z) - r(z). Give t(n).
-3
Let r(j) = -j - 9. Let o(q) = -3*q - 18. Let p(m) = 5*o(m) - 9*r(m). Give p(-6).
27
Suppose -824*d - 11 = -835*d. Let c(h) = -h + 7. What is c(d)?
6
Let y be (6/4)/(78/(-40) + 2). Let o(b) = 10 + 21 + b - y. Calculate o(-7).
-6
Suppose 0 = -4*p + 39 + 337. Let t = p - 89. Let q be (t/15)/(38/18 + -2). Let c(f) = 6*f + 2. What is c(q)?
20
Let u = 1 - -1. Suppose 7*h - 10*h = -9. Let q(s) = -52*s**h + 101*s**3 - 3*s + 1 - 50*s**3 + 2*s**2. Determine q(u).
-5
Let i(k) = 12 - 1220*k**3 + 613*k**3 + 610*k**3 - 4*k. What is i(3)?
81
Let a(f) = -f**3 + 8*f**2 + 7*f + 25. Let j be a(9). Let r(y) = 9 - j*y - 2*y**3 + y**3 + y**2 + 8*y**2 - 2*y**2. What is r(6)?
3
Let b(k) = k - 16. Let t(r) = 21. Let a(p) = -200. Let v(q) = 5*a(q) + 48*t(q). Let i(m) = -2*b(m) - 5*v(m). Give i(-6).
4
Let v(p) = -72*p - 483. Let w(i) = -14*i - 97. Let m(x) = -3*v(x) + 14*w(x). Calculate m(-4).
11
Let j(o) = 7*o**2 - 41*o + 502. Let h(l) = -5*l**2 + 41*l - 471. Let n(g) = -3*h(g) - 2*j(g). Calculate n(24).
1
Let p(i) be the second derivative of i**3 + i**2 - 13*i. Let r be p(1). Let m(b) = -3*b - 3*b + 0*b + 11 + 5*b. What is m(r)?
3
Suppose -309548*s + 309539*s + 99 = 0. Let a(v) = -2*v**2 + 26*v - 39. What is a(s)?
5
Let v(c) = -28*c + 46. Let b(y) = -5*y + 8. Let u(q) = 34*b(q) - 6*v(q). Suppose -3 = -2*a + 5. Let o = 1 + a. What is u(o)?
-14
Suppose 126*p = 49*p + 66*p + 77. Let q(a) = -a**2 + 8*a + 7. Determine q(p).
14
Let n(c) = -c**3 - 3*c**2 - 2*c - 4. Let d be 141/(-12) + 0 - 15/(-20). Let r be 1 + ((-345)/4 - d/44). Let q = 82 + r. What is n(q)?
2
Suppose 5*z = 4*q - 32, -31 = -5*q - 0*z + 4*z. Let f = -139 - -147. Let k(n) = f*n + 1 - 3*n - 2 + 2*n**2 - 7*n. Determine k(q).
11
Let x(c) = 12*c - 122. Suppose -51 = -5*w - m, 12*m - 9*m - 13 = -w. Let h be x(w). Let f(o) = -o**2 - 3*o - 2. Calculate f(h).
0
Let b = 3106 + -3114. Let v(i) = 5*i**2 + 9*i - 3. Let p(q) = 14*q**2 + 26*q - 10. Let o(r) = 4*p(r) - 11*v(r). Determine o(b).
17
Let q = 32 + -22. Suppose q + 1 = -11*x. Let i(w) = -3*w - 4. Let h(b) = -b - 1. Let v(k) = x*i(k) + 6*h(k). Calculate v(4).
-14
Let q(f) = f**2 + 1. Let d(a) = 6*a**2 + 12*a + 17. Let i(s) = d(s) - 5*q(s). Suppose 0 = 2405*y - 2398*y + 77. Determine i(y).
1
Let u(r) be the second derivative of -r**5/20 - 7*r**4/12 - r**3 - 11*r**2 + 5*r - 219. Calculate u(-7).
20
Let y = 6550 - 6515. Let v(n) = -n + 59. What is v(y)?
24
Let i(v) = 21*v**3 - 6. Let a(r) = -74*r**3 - r**2 - r + 18. Let z(s) = 2*a(s) + 7*i(s). What is z(0)?
-6
Let d(t) = -2*t + 5. Let p(n) = 5*n + 8. Let b(g) = 3*g + 4. Let f(i) = 7*b(i) - 4*p(i). Let z(w) = -5*d(w) - 8*f(w). Determine z(-5).
-3
Let b be 0 - -2 - 3 - -10. Let i(f) be the third derivative of -f**6/120 + f**5/6 - 3*f**4/8 + 5*f**3/3 + 3*f**2 - 142*f. What is i(b)?
10
Suppose 5*k + 14 = 3*k. Let o be (2/(-6))/((-12)/144). Let f(c) = -4 - 7*c + 2234*c**2 - 2235*c**2 - o. Give f(k).
-8
Suppose 140 - 20 = 3*w. Let s(y) = 36*y - w*y + 6*y. Suppose 0 = 4*c - c + 15. What is s(c)?
-10
Let h = -10286 + 10278. Let c(s) = -s**3 - 10*s**2 - 19*s - 19. Calculate c(h).
5
Let n(j) = -3*j**2 + 83*j - 60. Suppose -2953*g + 1491*g - 999 = -1499*g. What is n(g)?
-6
Let l(s) be the first derivative of s**4/4 - 23*s**3/3 + 3460. Calculate l(23).
0
Let y = -33 + 209. Let w = -177 + y. Let z(d) = -5*d + 1. Determine z(w).
6
Let o(a) = 3*a - 15. Let v(x) = x - 2. Let f(j) = -o(j) + v(j). Let i(k) = 2*k - 16. Let d(l) = -5*f(l) - 4*i(l). Determine d(3).
5
Let k(n) = -20*n + 49. Let o be k(3). Let j(w) = -w**2 + 6*w - 12. Let v(z) = 6*z**2 - 30*z + 61. Let p(c) = o*j(c) - 2*v(c). Give p(-6).
10
Let o(t) = 8*t**2 - 15 - 7*t**2 - 6*t**2 + 6*t**2 + t + 16. Suppose 0 = 5*f + 12 + 3. Determine o(f).
7
Let d(v) = -93*v + 42. Let j(g) = -18*g + 8. Let y(i) = 2*d(i) - 11*j(i). Suppose 4*p = 2*w + 20, -4*w - 3 = 3*p + 4. What is y(p)?
32
Let q = 15 + -10. Let v(u) = 3*u + 6 + 8*u - q*u - 34. Let c be v(5). Let r(m) = 3*m**2 - m. Determine r(c).
10
Suppose 0 = -r - 87*v + 91*v - 27, -5*v = -5*r - 15. Let g(w) be the second derivative of 1/20*w**r + 1/3*w**3 - 7/12*w**4 + 0*w**2 + 0 + 20*w. What is g(7)?
14
Suppose 5*s = -s + 6. Let u(i) = -i. Suppose -10 = -5*v - 0*v. Let t(c) = c + 2. Let d(f) = s*t(f) + v*u(f). What is d(-4)?
6
Let a(l) = -l**2 - 10*l - 9. Let k(j) = -j - 2. Let p(z) = z**2 + 9*z + 6. Let y(o) = 2*k(o) - p(o). Let w be y(-11). What is a(w)?
-9
Suppose -19*x - 16 = -2*u - 16*x, 14 = -u - 4*x. Let t(g) = -6*g**2 - g**2 - 2 - 2*g**2 + 12*g**u + 2*g. What is t(2)?
14
Suppose 350 = -139*g - 206. Let i(n) = 2*n. Let k(x) = -3*x - 1. Let y(h) = -5*i(h) - 4*k(h). Give y(g).
-4
Suppose 3*m = -3*h - 9, h + 848 = 3*m + 889. Let p(l) = -l**3 + 7*l**2 - 7*l. Let s(g) = -g**3 + 6*g**2 - 6*g - 1. Let c(b) = -3*p(b) + 2*s(b). Give c(h).
6
Let s(t) = 9*t + 5. Let x(a) = -a**2 + 36*a - 298. Let n be x(13). Give s(n).
14
Let q(a) be the third derivative of a**6/120 - a**5/30 - 7*a**4/24 + a**3/6 + 744*a**2. Give q(-3).
-23
Let d(x) = -x - 16. Let f = -137 + 135. Let t be 240/20*(f - -1). Determine d(t).
-4
Let h(p) = 22 + 5 + 2*p**2 - 19*p**2 + 37*p**2 + 33 + 3*p + p**3. What is h(-20)?
0
Let b(u) = -30*u - 4208 + 4227 + u**2 + 3*u. What is b(0)?
19
Let z(u) = 53*u**3 - u**2 + 2*u - 4. Let m(w) = 40*w**3 - w**2 + w - 4. Let g(o) = -4*m(o) + 3*z(o). Let d = -14 - -14. Determine g(d).
4
Let z(a) = -a**3 + 5*a**2 - 3*a + 2. Suppose 7*n + 8 = 11*n. Let m be n/(0 - -2)*17. Suppose m*b - 8 = 15*b. What is z(b)?
6
Suppose 2*p + 4*a = 27 - 3, p = a. Suppose 5*c + p*q - 7 = -1, -2*q = 5*c - 8. Let t be (-6)/(-2) + (c - -8). Let h(w) = w**2 - 13*w - 2. Determine h(t).
-2
Suppose 0 